er when 6416 is divided by 195?
176
What is the remainder when 762 is divided by 53?
20
Calculate the remainder when 496 is divided by 274.
222
What is the remainder when 2172 is divided by 316?
276
What is the remainder when 3375 is divided by 20?
15
Calculate the remainder when 5059 is divided by 99.
10
Calculate the remainder when 6772 is divided by 464.
276
What is the remainder when 4972 is divided by 4966?
6
Calculate the remainder when 249284 is divided by 1333.
13
What is the remainder when 511496 is divided by 21?
20
Calculate the remainder when 10648 is divided by 28.
8
Calculate the remainder when 112645 is divided by 22517.
60
Calculate the remainder when 1266 is divided by 518.
230
What is the remainder when 137210 is divided by 669?
65
What is the remainder when 109070 is divided by 85?
15
What is the remainder when 12281 is divided by 64?
57
What is the remainder when 2464 is divided by 1226?
12
Calculate the remainder when 1076004 is divided by 71.
70
What is the remainder when 28040 is divided by 342?
338
Calculate the remainder when 603802 is divided by 238.
234
Calculate the remainder when 10950260 is divided by 1887.
1886
What is the remainder when 76701 is divided by 136?
133
Calculate the remainder when 85822 is divided by 1619.
15
Calculate the remainder when 259616 is divided by 164.
4
Calculate the remainder when 56290 is divided by 28140.
10
Calculate the remainder when 7892638 is divided by 560.
558
What is the remainder when 1891 is divided by 1760?
131
What is the remainder when 64971 is divided by 524?
519
What is the remainder when 585 is divided by 86?
69
What is the remainder when 3341 is divided by 546?
65
What is the remainder when 1399612 is divided by 47?
46
Calculate the remainder when 4498 is divided by 1123.
6
Calculate the remainder when 8930 is divided by 2139.
374
What is the remainder when 59970 is divided by 382?
378
Calculate the remainder when 4612 is divided by 22.
14
Calculate the remainder when 50381 is divided by 38.
31
What is the remainder when 214199 is divided by 1158?
1127
Calculate the remainder when 3452 is divided by 240.
92
What is the remainder when 1252 is divided by 118?
72
What is the remainder when 50539 is divided by 568?
555
What is the remainder when 48446 is divided by 136?
30
Calculate the remainder when 18884 is divided by 9437.
10
What is the remainder when 4038 is divided by 25?
13
Calculate the remainder when 67377 is divided by 7486.
3
What is the remainder when 11291 is divided by 5479?
333
Calculate the remainder when 4782 is divided by 421.
151
What is the remainder when 411061 is divided by 19?
15
What is the remainder when 4172 is divided by 416?
12
What is the remainder when 25073 is divided by 369?
350
What is the remainder when 1124304 is divided by 62?
58
Calculate the remainder when 156630 is divided by 880.
870
What is the remainder when 6756 is divided by 150?
6
Calculate the remainder when 35630 is divided by 260.
10
What is the remainder when 3110 is divided by 1425?
260
What is the remainder when 6512 is divided by 732?
656
Calculate the remainder when 596312 is divided by 1123.
1122
Calculate the remainder when 21495 is divided by 798.
747
What is the remainder when 82957 is divided by 597?
571
Calculate the remainder when 19362 is divided by 624.
18
What is the remainder when 22613 is divided by 700?
213
Calculate the remainder when 4521 is divided by 118.
37
What is the remainder when 201290 is divided by 14?
12
Calculate the remainder when 89072 is divided by 80.
32
What is the remainder when 5158 is divided by 2530?
98
Calculate the remainder when 1980 is divided by 21.
6
What is the remainder when 177221 is divided by 189?
128
What is the remainder when 53963 is divided by 360?
323
What is the remainder when 9776 is divided by 32?
16
Calculate the remainder when 4946 is divided by 225.
221
What is the remainder when 58910 is divided by 1900?
10
What is the remainder when 911 is divided by 893?
18
What is the remainder when 6558 is divided by 77?
13
What is the remainder when 464855 is divided by 1047?
1034
What is the remainder when 191685 is divided by 24?
21
What is the remainder when 10587 is divided by 757?
746
Calculate the remainder when 2535 is divided by 514.
479
Calculate the remainder when 80987 is divided by 3110.
127
What is the remainder when 136619 is divided by 136614?
5
What is the remainder when 353 is divided by 235?
118
Calculate the remainder when 2784 is divided by 290.
174
Calculate the remainder when 3586 is divided by 756.
562
Calculate the remainder when 887 is divided by 31.
19
What is the remainder when 4651 is divided by 149?
32
Calculate the remainder when 482964 is divided by 16.
4
What is the remainder when 8462 is divided by 105?
62
What is the remainder when 8850 is divided by 287?
240
What is the remainder when 24639 is divided by 12319?
1
What is the remainder when 2531 is divided by 229?
12
What is the remainder when 97533 is divided by 87?
6
Calculate the remainder when 6157 is divided by 165.
52
What is the remainder when 101000 is divided by 953?
935
Calculate the remainder when 1102 is divided by 651.
451
Calculate the remainder when 19750 is divided by 9832.
86
What is the remainder when 14061 is divided by 178?
177
What is the remainder when 15362 is divided by 106?
98
What is the remainder when 1458 is divided by 474?
36
What is the remainder when 244357 is divided by 164?
161
What is the remainder when 1068 is divided by 91?
67
What is the remainder when 127601 is divided by 591?
536
Calculate the remainder when 2267 is divided by 116.
63
What is the remainder when 29045 is divided by 1151?
270
Calculate the remainder when 13499 is divided by 708.
47
What is the remainder when 258985 is divided by 445?
440
What is the remainder when 248076 is divided by 231?
213
What is the remainder when 631 is divided by 365?
266
Calculate the remainder when 73335 is divided by 21.
3
Calculate the remainder when 399996 is divided by 377.
376
Calculate the remainder when 80737 is divided by 367.
364
What is the remainder when 597 is divided by 148?
5
Calculate the remainder when 160024 is divided by 208.
72
What is the remainder when 999 is divided by 308?
75
Calculate the remainder when 233592 is divided by 22.
18
What is the remainder when 376 is divided by 114?
34
What is the remainder when 2554 is divided by 990?
574
What is the remainder when 629 is divided by 532?
97
What is the remainder when 456042 is divided by 287?
286
What is the remainder when 55540 is divided by 186?
112
Calculate the remainder when 10339 is divided by 3443.
10
Calculate the remainder when 162590 is divided by 81289.
12
Calculate the remainder when 2492 is divided by 56.
28
Calculate the remainder when 217802 is divided by 1171.
1167
What is the remainder when 84082 is divided by 1001?
999
Calculate the remainder when 421749 is divided by 11.
9
What is the remainder when 65525 is divided by 126?
5
Calculate the remainder when 73820 is divided by 12300.
20
Calculate the remainder when 289612 is divided by 6.
4
Calculate the remainder when 198041 is divided by 17.
8
Calculate the remainder when 10576 is divided by 92.
88
Calculate the remainder when 101162 is divided by 928.
10
Calculate the remainder when 14285 is divided by 418.
73
What is the remainder when 5353 is divided by 12?
1
Calculate the remainder when 4868 is divided by 147.
17
What is the remainder when 14038 is divided by 540?
538
What is the remainder when 6167 is divided by 1475?
267
Calculate the remainder when 3896 is divided by 171.
134
What is the remainder when 23221 is divided by 270?
1
What is the remainder when 10095 is divided by 18?
15
What is the remainder when 1561 is divided by 189?
49
Calculate the remainder when 9847 is divided by 201.
199
What is the remainder when 74 is divided by 12?
2
Calculate the remainder when 1380 is divided by 684.
12
Calculate the remainder when 3789 is divided by 23.
17
What is the remainder when 7662 is divided by 100?
62
What is the remainder when 474141 is divided by 44?
41
Calculate the remainder when 9978 is divided by 1958.
188
Calculate the remainder when 69937 is divided by 34.
33
Calculate the remainder when 145 is divided